{"id":136,"date":"2017-11-21T12:35:01","date_gmt":"2017-11-21T12:35:01","guid":{"rendered":"http:\/\/lafondareal.es\/?page_id=136"},"modified":"2018-09-04T17:23:16","modified_gmt":"2018-09-04T17:23:16","slug":"grupos","status":"publish","type":"page","link":"https:\/\/lafondareal.es\/?page_id=136","title":{"rendered":"Grupos"},"content":{"rendered":"<p>Contamos con unas instalaciones \u00fanicas para la celebraci\u00f3n de cualquier tipo de evento, y con un equipo profesional, capaz de responder a las necesidades de cada uno de sus clientes.<\/p>\n<p>Ponemos a su disposici\u00f3n un espacio singular, cercano a Madrid, y muy apropiado para la celebraci\u00f3n de eventos familiares.<\/p>\n<p>Tenemos un selecci\u00f3n de \u201cmen\u00fas de Grupos\u201d para el a\u00f1o en curso. Son men\u00fas elaborados para un m\u00ednimo de 16 adultos.<\/p>\n<p>Esperamos sean de su inter\u00e9s. Por nuestra parte estamos seguros que el \u00e9xito y compromiso hacia sus invitados quedar\u00e1 garantizado.<\/p>\n<p>P\u00f3ngase en contacto con nosotros y le mandaremos los diferentes men\u00fas que tenemos. Pueden tambi\u00e9n venir a nuestras instalaciones y as\u00ed poder conocernos y ver nuestros salones para la celebraci\u00f3n de ese d\u00eda.<\/p>\n","protected":false},"excerpt":{"rendered":"<p>Contamos con unas instalaciones \u00fanicas para la celebraci\u00f3n de cualquier tipo de evento, y con un equipo profesional, capaz de responder a las necesidades de cada uno de sus clientes. Ponemos a su disposici\u00f3n un espacio singular, cercano a Madrid, y muy apropiado para la celebraci\u00f3n de eventos familiares. Tenemos un selecci\u00f3n de \u201cmen\u00fas de&#8230;<\/p>\n","protected":false},"author":1,"featured_media":0,"parent":0,"menu_order":0,"comment_status":"closed","ping_status":"closed","template":"page-templates\/full-width.php","meta":[],"_links":{"self":[{"href":"https:\/\/lafondareal.es\/index.php?rest_route=\/wp\/v2\/pages\/136"}],"collection":[{"href":"https:\/\/lafondareal.es\/index.php?rest_route=\/wp\/v2\/pages"}],"about":[{"href":"https:\/\/lafondareal.es\/index.php?rest_route=\/wp\/v2\/types\/page"}],"author":[{"embeddable":true,"href":"https:\/\/lafondareal.es\/index.php?rest_route=\/wp\/v2\/users\/1"}],"replies":[{"embeddable":true,"href":"https:\/\/lafondareal.es\/index.php?rest_route=%2Fwp%2Fv2%2Fcomments&post=136"}],"version-history":[{"count":2,"href":"https:\/\/lafondareal.es\/index.php?rest_route=\/wp\/v2\/pages\/136\/revisions"}],"predecessor-version":[{"id":143,"href":"https:\/\/lafondareal.es\/index.php?rest_route=\/wp\/v2\/pages\/136\/revisions\/143"}],"wp:attachment":[{"href":"https:\/\/lafondareal.es\/index.php?rest_route=%2Fwp%2Fv2%2Fmedia&parent=136"}],"curies":[{"name":"wp","href":"https:\/\/api.w.org\/{rel}","templated":true}]}}

<p>Contamos con unas instalaciones únicas para la celebración de cualquier tipo de evento, y con un equipo profesional, capaz de responder a las necesidades de cada uno de sus clientes.</p>
<p>Ponemos a su disposición un espacio singular, cercano a Madrid, y muy apropiado para la celebración de eventos familiares.</p>
<p>Tenemos un selección de “menús de Grupos” para el año en curso. Son menús elaborados para un mínimo de 16 adultos.</p>
<p>Esperamos sean de su interés. Por nuestra parte estamos seguros que el éxito y compromiso hacia sus invitados quedará garantizado.</p>
<p>Póngase en contacto con nosotros y le mandaremos los diferentes menús que tenemos. Pueden también venir a nuestras instalaciones y así poder conocernos y ver nuestros salones para la celebración de ese día.</p>

<p>Contamos con unas instalaciones únicas para la celebración de cualquier tipo de evento, y con un equipo profesional, capaz de responder a las necesidades de cada uno de sus clientes. Ponemos a su disposición un espacio singular, cercano a Madrid, y muy apropiado para la celebración de eventos familiares. Tenemos un selección de “menús de&#8230;</p>
